mon divisor of t and 12.
6
Let u(s) = 2*s**3 + 3*s**2 - 2*s + 4. Let f be u(-3). Let t = 29 + f. Calculate the highest common divisor of 84 and t.
12
Suppose 2*y = 4*i + 40, -y + i + 25 = -2*i. Let h be (4 - 1)/(3/y). What is the greatest common divisor of h and 30?
10
Let v be 9*(-1 - -3) + -3. Let d(h) = 5*h**2 + h + 1. Let o be d(-1). Calculate the greatest common divisor of v and o.
5
Let q = -5 + 5. Suppose 29 = 2*d - z, 0 = 4*d - q*d + 2*z - 54. Calculate the greatest common divisor of d and 112.
14
Suppose -4*a + 5764 = 5*p - 5056, -4*p + 8650 = 2*a. Let t be (-4)/14 + p/14. Calculate the highest common divisor of t and 14.
14
Let p be (-1 - 0)/(1/(-11)). Let w = p + 1. What is the highest common factor of 108 and w?
12
Suppose -2*t - t = -15. Suppose -t*z = -z. Let y be 2 + -4 + 4 - z. What is the highest common factor of y and 10?
2
Let t be (-10)/4*1*2. Let l(u) = -u**3 - 4*u**2 + 5*u + 5. Let z be l(t). Suppose z*m - 36 = -11. What is the greatest common factor of 40 and m?
5
Let i = 9 - 5. Suppose 1 = -4*u - 3. Let k be 0 + 3/1 - u. Calculate the greatest common divisor of i and k.
4
Suppose 4*l - 6 = 2. Suppose -o + 7 = l*u - 2, u - 6 = -2*o. Let f = -28 + 44. What is the highest common divisor of u and f?
4
Let o be 15 - 4 - (-1 + 0). What is the highest common divisor of o and 60?
12
Let x(h) = 2*h**2 - 3*h - 4. Let v be x(4). Let m = v + 14. Suppose 0*a = 5*a - 30. What is the highest common divisor of a and m?
6
Let g be (-3)/24 - 354/(-16). Calculate the highest common divisor of 176 and g.
22
Let q = 60 + -52. What is the greatest common factor of 40 and q?
8
Suppose 6*t + 15 = 7*t. Calculate the highest common divisor of t and 30.
15
Let l be 24/(-1) - 2/1. Let w = l + 43. Calculate the greatest common divisor of w and 17.
17
Suppose 10 = -j + 13. Suppose 0*m = 4*m. Let w be (0 + m + 1)*j. What is the highest common factor of 6 and w?
3
Let i = 153 + -137. Let q(o) = -4*o**3 - 3*o**2 - 3*o - 2. Let d = -4 + 2. Let m be q(d). Calculate the greatest common factor of m and i.
8
Let j be (-1)/(-2) - (-33)/6. Suppose 0 = -w - 1 + j. Calculate the highest common factor of 10 and w.
5
Suppose 4*g + 1 = 5*j, 2*g - 38 = -g - 4*j. Suppose 31 = 3*w + 13. Suppose -2*q - 168 = -w*q. Calculate the highest common divisor of g and q.
6
Suppose 10 = -0*f + 5*f. Suppose f*d - 32 = 36. Calculate the greatest common factor of d and 17.
17
Let v be -2 + -1 + 2 - -1. Suppose 4*g - 266 - 310 = v. Suppose -3*h + g = h. What is the greatest common factor of h and 18?
18
Let k(d) = -d + 5. Let a be ((4 - 2) + -5)*-1. Let c be k(a). Let b be ((-14)/(-6))/(c/30). What is the highest common factor of b and 7?
7
Suppose a - 6*a + 65 = 0. What is the greatest common factor of a and 26?
13
Let r(q) = 2*q - 4. Let g be r(3). Let i be (-5)/((-10)/4 + g). Calculate the highest common factor of 20 and i.
10
Let m(a) = a**2. Let v be m(4). Let j(l) = l**3 - 3*l**2 - 6*l + 8. Let p be j(6). Calculate the highest common factor of v and p.
16
Suppose 0*w - 2*w + 4 = 0. Suppose p = 4*s - 0*s + 14, 2 = -w*s. Let z = -5 + 7. What is the highest common factor of z and p?
2
Let c be (6/(-3) - -1)/((-3)/21). What is the greatest common divisor of 28 and c?
7
Let o be (-4)/(-32) - (-645)/24. What is the greatest common divisor of 135 and o?
27
Suppose -256 + 832 = 3*i. Calculate the highest common factor of i and 24.
24
Suppose 2*t = 5 + 3. Suppose -2*g + 11 = -5. What is the greatest common divisor of g and t?
4
Suppose -j = -3 - 1. Suppose -3 = -3*c, 5*c = 3*t - j*t + 6. Calculate the greatest common factor of t and 2.
1
Let y = -57 + 112. Calculate the highest common factor of 22 and y.
11
Suppose 3*g = 105 + 75. Suppose t + t - g = 0. What is the highest common divisor of 12 and t?
6
Let g = 2 + 9. Suppose 3 = -3*s + 6. Calculate the highest common divisor of s and g.
1
Suppose -p - 4*p + 60 = 0. Let g(w) be the third derivative of 85*w**4/24 - w**3/6 - w**2. Let r be g(1). What is the highest common divisor of r and p?
12
Suppose -2*m + 9 = -p, -m - 4*p = -3*m + 12. Suppose 70 = m*v + v. Calculate the highest common factor of v and 35.
7
Let m(c) = -6*c**2 - 4*c. Let z be m(7). Let i be z/(-6) - (-1)/3. What is the highest common divisor of 36 and i?
18
Let m = -3 - -6. Suppose -3*y - u = -3, -y - 4 - 9 = 5*u. Suppose -m - 5 = -y*c. Calculate the highest common factor of c and 44.
4
Let u = -4 + 1. Let p = u + 3. Suppose p = -0*z + z - 28. Calculate the greatest common divisor of z and 4.
4
Suppose 0 = d - 7 - 3. Let r be (-2)/8 - d/(-8). Calculate the greatest common divisor of 1 and r.
1
Let t(k) = 3*k**2 - 7*k + 6. Let r = 14 + -8. Let l be t(r). Let z be (-3 + -1)*9/(-4). What is the greatest common factor of z and l?
9
Let v be (12/(-2))/((-4)/(-22)). Let l be v/(-44) + (-122)/(-8). Calculate the greatest common factor of 40 and l.
8
Let o = -75 - -40. Let s be 3/(-5) - 721/o. What is the greatest common factor of 30 and s?
10
Let x = 27 + -2. What is the highest common divisor of x and 75?
25
Suppose -x + 3 = -3. Suppose 2*o + 0*o - x = 0. Suppose -r = -1 - o. What is the highest common factor of 16 and r?
4
Suppose 0 = -y, -y = 7*n - 2*n + 1055. Let a = -53 + n. Let l be (-10)/15*a/2. What is the greatest common factor of l and 11?
11
Suppose 2*n = 4*n - 22. What is the greatest common divisor of n and 55?
11
Let n be (1/(-3))/((-1)/33). What is the greatest common divisor of 77 and n?
11
Let t(n) = -n**3 - 12*n**2 - 13*n - 4. Let r be t(-11). Let a be (-42)/(-9)*r/7. Calculate the greatest common divisor of 24 and a.
12
Let s(n) = 8*n - 5. Suppose -2*i - 143 = -5*f - i, 81 = 3*f + i. Suppose f = -0*b + 4*b. Let w be s(b). Calculate the highest common divisor of 17 and w.
17
Let p(m) = 12*m**2 - 4*m + 10. Let g be p(2). What is the greatest common divisor of g and 20?
10
Suppose 47*r + 40 = 48*r. What is the greatest common divisor of 20 and r?
20
Let v(o) = o**3 - 7*o**2 - 5*o - 11. Let z be v(8). Suppose 0 = -2*g + 3*g - 52. What is the highest common divisor of z and g?
13
Let k = 75 + 72. Calculate the highest common factor of 21 and k.
21
Let k(c) = 2*c + 1. Let g be k(2). Let w = -593 + 618. What is the highest common divisor of g and w?
5
Let h = 12 - 19. Let k = -5 - h. What is the greatest common divisor of 8 and k?
2
Suppose 3*u + 2*t + 72 = 5*u, -t = -4. Calculate the highest common factor of 20 and u.
20
Suppose -j + 110 = 5*z, -3*z + 2*j = j - 74. What is the greatest common divisor of 115 and z?
23
Suppose 3*h = 2*h - 6. Let f be 6177/13 - h/(-39). Suppose -4*l + f = l. What is the highest common divisor of l and 19?
19
Let i(t) = 43*t**2 - 3*t. Let n be i(2). Let d = n + -1059. Let h be (-4)/18 - d/9. Calculate the greatest common factor of h and 11.
11
Let q be (5 - 6)/((-2)/46). Let b = 38 - q. Let m = b - 7. What is the highest common divisor of 2 and m?
2
Suppose 6*l - l - 65 = 0. Let v(r) = -r**2 + 12*r + 5. Let q be v(l). Let m be (-8)/(-10)*(-180)/q. Calculate the greatest common divisor of 144 and m.
18
Suppose v + 65 = 6*v. What is the greatest common divisor of v and 143?
13
Let t(l) = -l + 7. Let v be t(-7). Suppose 6*w = 8*w - v. Let k be 4/(-2)*(-133)/38. What is the greatest common factor of w and k?
7
Let m be (-198)/(-14) - (-2)/(-14). Suppose 2*i - m = 4. What is the highest common divisor of 36 and i?
9
Let q = -9 + 12. Suppose -q*w = 2*w - 75. What is the greatest common divisor of w and 135?
15
Let v be ((-384)/80)/(6/(-20)). Let c be 0 - -4*(-6)/(-1). Calculate the highest common factor of v and c.
8
Let g be (1 - 6)*(1 + 0). Let o be (g/(-1))/(2/4). Calculate the greatest common factor of o and 10.
10
Suppose 5*u = -0*u. Let g = u + 20. Calculate the highest common factor of 60 and g.
20
Let w(k) = k + 23. Let y be w(-17). Calculate the highest common divisor of 150 and y.
6
Let p(a) = -3*a - 2. Let l be p(-7). Calculate the highest common divisor of 57 and l.
19
Let b(g) = 4*g**3 - 3*g - g**3 - g**3 + 3 - 1. Let c be b(2). What is the greatest common factor of 6 and c?
6
Let m = 25 - 9. What is the highest common factor of m and 160?
16
Let c = -57 + 153. Calculate the highest common factor of 12 and c.
12
Let k be (-4)/20 + (344/(-10))/(-2). Calculate the highest common factor of k and 136.
17
Suppose 0*m + m + 20 